{"id":218,"date":"2020-09-01T04:33:31","date_gmt":"2020-09-01T04:33:31","guid":{"rendered":"https:\/\/industriasdys.cl\/?page_id=218"},"modified":"2020-09-01T04:33:31","modified_gmt":"2020-09-01T04:33:31","slug":"mangas-de-colores","status":"publish","type":"page","link":"https:\/\/industriasdys.cl\/index.php\/mangas-de-colores\/","title":{"rendered":"Mangas de colores"},"content":{"rendered":"\n<p>Estas se utilizan en diversas aplicaciones, como:<\/p>\n\n\n\n<ul><li>Recubrimiento de productos qu\u00edmicos<\/li><li>Recubrimiento de cosechas<\/li><li>Recubrimiento de canchas de material<\/li><li>Recubrimiento para impermeabilizaci\u00f3n de hormig\u00f3n<\/li><li>Recubrimiento de Radieres y fraguados<\/li><li>Protecci\u00f3n al agua (lluvia)<\/li><li>Protecci\u00f3n a rayos UV<\/li><li>Mangas de riego<\/li><li>Embalajes industrial<\/li><li>Protecci\u00f3n al viento<\/li><li>Todo tipo de recubrimiento y protecci\u00f3n<\/li><li>Envasado de productos alimenticios, pesqueros, agr\u00edcolas, agropecuarios,<br>almacigueros, construcci\u00f3n, exportaci\u00f3n de frutas (deshidratadas y frescas)<\/li><\/ul>\n\n\n\n<figure class=\"wp-block-image size-large\"><img loading=\"lazy\" width=\"327\" height=\"218\" src=\"https:\/\/industriasdys.cl\/wp-content\/uploads\/2020\/09\/manga-alta-baja-1.jpg\" alt=\"\" class=\"wp-image-219\" srcset=\"https:\/\/industriasdys.cl\/wp-content\/uploads\/2020\/09\/manga-alta-baja-1.jpg 327w, https:\/\/industriasdys.cl\/wp-content\/uploads\/2020\/09\/manga-alta-baja-1-300x200.jpg 300w\" sizes=\"(max-width: 327px) 100vw, 327px\" \/><\/figure>\n","protected":false},"excerpt":{"rendered":"<p>Estas se utilizan en diversas aplicaciones, como: Recubrimiento de productos qu\u00edmicos Recubrimiento de cosechas Recubrimiento de canchas de material Recubrimiento para impermeabilizaci\u00f3n de hormig\u00f3n Recubrimiento de Radieres y fraguados Protecci\u00f3n al agua (lluvia) Protecci\u00f3n a rayos UV Mangas de riego Embalajes industrial Protecci\u00f3n al viento Todo tipo de recubrimiento y protecci\u00f3n Envasado de productos alimenticios, &hellip;<\/p>\n<p class=\"read-more\"> <a class=\"\" href=\"https:\/\/industriasdys.cl\/index.php\/mangas-de-colores\/\"> <span class=\"screen-reader-text\">Mangas de colores<\/span> Read More &raquo;<\/a><\/p>\n","protected":false},"author":1,"featured_media":0,"parent":0,"menu_order":0,"comment_status":"closed","ping_status":"closed","template":"","meta":[],"_links":{"self":[{"href":"https:\/\/industriasdys.cl\/index.php\/wp-json\/wp\/v2\/pages\/218"}],"collection":[{"href":"https:\/\/industriasdys.cl\/index.php\/wp-json\/wp\/v2\/pages"}],"about":[{"href":"https:\/\/industriasdys.cl\/index.php\/wp-json\/wp\/v2\/types\/page"}],"author":[{"embeddable":true,"href":"https:\/\/industriasdys.cl\/index.php\/wp-json\/wp\/v2\/users\/1"}],"replies":[{"embeddable":true,"href":"https:\/\/industriasdys.cl\/index.php\/wp-json\/wp\/v2\/comments?post=218"}],"version-history":[{"count":1,"href":"https:\/\/industriasdys.cl\/index.php\/wp-json\/wp\/v2\/pages\/218\/revisions"}],"predecessor-version":[{"id":220,"href":"https:\/\/industriasdys.cl\/index.php\/wp-json\/wp\/v2\/pages\/218\/revisions\/220"}],"wp:attachment":[{"href":"https:\/\/industriasdys.cl\/index.php\/wp-json\/wp\/v2\/media?parent=218"}],"curies":[{"name":"wp","href":"https:\/\/api.w.org\/{rel}","templated":true}]}}