{"id":132,"date":"2020-08-27T02:42:49","date_gmt":"2020-08-27T02:42:49","guid":{"rendered":"https:\/\/industriasdys.cl\/?page_id=132"},"modified":"2020-08-27T02:42:49","modified_gmt":"2020-08-27T02:42:49","slug":"bolsas-para-hielo","status":"publish","type":"page","link":"https:\/\/industriasdys.cl\/index.php\/bolsas-para-hielo\/","title":{"rendered":"Bolsas para hielo"},"content":{"rendered":"\n<h2>MEDIDAS.<\/h2>\n\n\n\n<p>La mayor\u00eda de nuestros clientes utilizan medidas standard de nuestra lista pero otros han redise\u00f1ado su bolsa, desde 1 kilo hasta 15 kilos tenemos la bolsa que estas buscando.<\/p>\n\n\n\n<h2>ESPESOR.<\/h2>\n\n\n\n<p>El espesor de las bolsas no solo deben soportar el peso de su contenido, si no que tambi\u00e9n debe considerarse el manipuleo y el estibado de las bolsas en nuestra c\u00e1mara como en el transporte, lo m\u00e1s recomendado es utilizar 60 micrones de espesor.<\/p>\n\n\n\n<h2>COLOR.<\/h2>\n\n\n\n<p>Por razones de presentaci\u00f3n y seguridad las bolsas que contienen hielo para el consumo, deben ser 100% trasparentes, pudiendo optar por bolsas con o sin impresi\u00f3n.<\/p>\n\n\n\n<h2>CALIDAD.<\/h2>\n\n\n\n<p>Lo mismo que en el punto anterior debemos tener en cuenta que es un producto para consumo, por ello NO debemos bajo ning\u00fan aspecto usar polietileno reciclado. Solo materia prima 100% virgen.<\/p>\n\n\n\n<h2>DETALLES T\u00c9CNICOS.<\/h2>\n\n\n\n<p>Las bolsas deben se fabricadas con polietileno de BAJA DENSIDAD Lineal virgen. Esto nos garantiza que la bolsa tendr\u00e1 resistencia a la elongaci\u00f3n, al impacto Y AL DESGARRE que otros tipos de pl\u00e1sticos no lo tienen.<\/p>\n\n\n\n<figure class=\"wp-block-image size-large\"><img loading=\"lazy\" width=\"500\" height=\"309\" src=\"https:\/\/industriasdys.cl\/wp-content\/uploads\/2020\/08\/bolsa-hielo.jpg\" alt=\"\" class=\"wp-image-133\" srcset=\"https:\/\/industriasdys.cl\/wp-content\/uploads\/2020\/08\/bolsa-hielo.jpg 500w, https:\/\/industriasdys.cl\/wp-content\/uploads\/2020\/08\/bolsa-hielo-300x185.jpg 300w\" sizes=\"(max-width: 500px) 100vw, 500px\" \/><\/figure>\n","protected":false},"excerpt":{"rendered":"<p>MEDIDAS. La mayor\u00eda de nuestros clientes utilizan medidas standard de nuestra lista pero otros han redise\u00f1ado su bolsa, desde 1 kilo hasta 15 kilos tenemos la bolsa que estas buscando. ESPESOR. El espesor de las bolsas no solo deben soportar el peso de su contenido, si no que tambi\u00e9n debe considerarse el manipuleo y el &hellip;<\/p>\n<p class=\"read-more\"> <a class=\"\" href=\"https:\/\/industriasdys.cl\/index.php\/bolsas-para-hielo\/\"> <span class=\"screen-reader-text\">Bolsas para hielo<\/span> Read More &raquo;<\/a><\/p>\n","protected":false},"author":1,"featured_media":0,"parent":0,"menu_order":0,"comment_status":"closed","ping_status":"closed","template":"","meta":[],"_links":{"self":[{"href":"https:\/\/industriasdys.cl\/index.php\/wp-json\/wp\/v2\/pages\/132"}],"collection":[{"href":"https:\/\/industriasdys.cl\/index.php\/wp-json\/wp\/v2\/pages"}],"about":[{"href":"https:\/\/industriasdys.cl\/index.php\/wp-json\/wp\/v2\/types\/page"}],"author":[{"embeddable":true,"href":"https:\/\/industriasdys.cl\/index.php\/wp-json\/wp\/v2\/users\/1"}],"replies":[{"embeddable":true,"href":"https:\/\/industriasdys.cl\/index.php\/wp-json\/wp\/v2\/comments?post=132"}],"version-history":[{"count":1,"href":"https:\/\/industriasdys.cl\/index.php\/wp-json\/wp\/v2\/pages\/132\/revisions"}],"predecessor-version":[{"id":134,"href":"https:\/\/industriasdys.cl\/index.php\/wp-json\/wp\/v2\/pages\/132\/revisions\/134"}],"wp:attachment":[{"href":"https:\/\/industriasdys.cl\/index.php\/wp-json\/wp\/v2\/media?parent=132"}],"curies":[{"name":"wp","href":"https:\/\/api.w.org\/{rel}","templated":true}]}}